ple of 399?
False
Is 807 a factor of 15168136?
False
Is 527 a factor of 280891?
True
Does 364 divide 1716500?
False
Does 481 divide 4383772?
False
Does 11 divide 32252?
True
Does 10 divide 154520?
True
Is 18 a factor of 3654737?
False
Is 1579853 a multiple of 17?
False
Is 141 a factor of 1494065?
False
Is 125 a factor of 1460625?
True
Is 4206215 a multiple of 815?
True
Is 59 a factor of 112867?
True
Is 1064923 a multiple of 23?
True
Is 244 a factor of 94428?
True
Is 484 a factor of 2276908?
False
Is 81991 a multiple of 13?
True
Does 99 divide 290466?
True
Does 19 divide 252415?
True
Does 70 divide 10850?
True
Is 53 a factor of 1184264?
False
Is 137 a factor of 465937?
True
Is 92 a factor of 33677?
False
Does 29 divide 83139?
False
Is 9 a factor of 1201338?
True
Is 1021625 a multiple of 125?
True
Does 12 divide 1096041?
False
Is 7231548 a multiple of 226?
True
Is 243 a factor of 2059322?
False
Does 29 divide 2755?
True
Is 2599458 a multiple of 642?
True
Is 84 a factor of 1879164?
True
Is 226 a factor of 292670?
True
Is 51250 a multiple of 250?
True
Is 579257 a multiple of 781?
False
Is 886 a factor of 163800?
False
Is 74 a factor of 285344?
True
Does 418 divide 223481?
False
Is 51810 a multiple of 30?
True
Does 27 divide 315879?
False
Does 49 divide 332722?
False
Is 55 a factor of 2404857?
False
Is 12 a factor of 186504?
True
Is 3870483 a multiple of 1222?
False
Is 75870 a multiple of 27?
True
Is 5 a factor of 392412?
False
Is 1518357 a multiple of 96?
False
Is 316 a factor of 840402?
False
Is 117 a factor of 403435?
False
Does 315 divide 847960?
False
Does 31 divide 11476281?
False
Is 456403 a multiple of 33?
False
Is 2232146 a multiple of 11?
False
Is 3070390 a multiple of 10?
True
Is 9953814 a multiple of 88?
False
Is 26 a factor of 336298?
False
Is 138 a factor of 2402055?
False
Is 7 a factor of 992439?
True
Does 116 divide 882353?
False
Does 45 divide 250830?
True
Is 34 a factor of 1496204?
True
Is 254 a factor of 69850?
True
Does 10 divide 201960?
True
Does 153 divide 1878055?
False
Does 313 divide 814932?
False
Is 4708443 a multiple of 347?
True
Is 64 a factor of 2936882?
False
Does 92 divide 7636114?
False
Is 197776 a multiple of 752?
True
Does 20 divide 565858?
False
Is 8 a factor of 24379?
False
Does 38 divide 179360?
True
Is 38 a factor of 1683168?
False
Does 9 divide 3779775?
True
Is 67 a factor of 434124?
False
Is 3485600 a multiple of 16?
True
Does 1509 divide 52332?
False
Is 1809321 a multiple of 100?
False
Is 225 a factor of 2069287?
False
Is 94 a factor of 1027796?
True
Is 7 a factor of 87899?
True
Does 24 divide 72245?
False
Is 50 a factor of 8950650?
True
Is 17 a factor of 149345?
True
Does 15 divide 124890?
True
Is 177 a factor of 3107058?
True
Is 717081 a multiple of 454?
False
Does 10 divide 64230?
True
Is 58 a factor of 43036?
True
Is 177660 a multiple of 30?
True
Does 15 divide 342840?
True
Is 66 a factor of 1675899?
False
Does 301 divide 24707224?
False
Does 364 divide 32760?
True
Is 62 a factor of 7267350?
False
Is 48 a factor of 646176?
True
Does 75 divide 245175?
True
Does 9 divide 786303?
True
Does 71 divide 3854306?
True
Is 1040156 a multiple of 13?
True
Is 28 a factor of 184128?
True
Is 64558 a multiple of 169?
True
Is 565110 a multiple of 270?
True
Is 62 a factor of 252712?
True
Is 7615300 a multiple of 860?
True
Is 157190 a multiple of 11?
True
Is 325752 a multiple of 147?
True
Does 15 divide 259449?
False
Is 235759 a multiple of 58?
False
Is 35 a factor of 136220?
True
Is 26442 a multiple of 39?
True
Does 235 divide 3860345?
True
Is 46 a factor of 82256?
False
Does 19 divide 170461?
False
Is 124 a factor of 343108?
True
Is 49 a factor of 758079?
True
Is 1526643 a multiple of 20?
False
Does 1307 divide 6384695?
True
Does 18 divide 846?
True
Is 480 a factor of 6326880?
True
Is 445410 a multiple of 15?
True
Is 12 a factor of 25270704?
True
Is 167 a factor of 239514?
False
Is 644780 a multiple of 206?
True
Is 1642940 a multiple of 11?
False
Is 11 a factor of 349831?
False
Is 23 a factor of 79093?
False
Is 11 a factor of 3510246?
False
Does 17 divide 7183?
False
Does 944 divide 8387440?
True
Is 873203 a multiple of 18?
False
Is 56 a factor of 5753832?
True
Is 4721872 a multiple of 16?
True
Is 1168550 a multiple of 50?
True
Does 10 divide 2391900?
True
Is 52165 a multiple of 3?
False
Does 84 divide 1031436?
True
Is 48958 a multiple of 7?
True
Is 2154176 a multiple of 97?
True
Is 78118 a multiple of 115?
False
Does 77 divide 63602?
True
Is 35 a factor of 675185?
True
Does 62 divide 50592?
True
Does 74 divide 7777104?
True
Does 107 divide 30508305?
False
Does 119 divide 1565564?
True
Is 6123532 a multiple of 6?
False
Is 1735020 a multiple of 85?
True
Does 118 divide 4894993?
False
Does 17 divide 1041124?
False
Is 141050 a multiple of 91?
True
Is 277 a factor of 107113?
False
Is 8 a factor of 8184?
True
Does 125 divide 30978?
False
Is 477884 even?
True
Does 147 divide 1737863?
False
Does 30 divide 24480664?
False
Is 373107 a multiple of 151?
False
Does 276 divide 51060?
True
Is 63180 a multiple of 324?
True
Is 14 a factor of 26846922?
False
Is 440 a factor of 700229?
False
Is 44 a factor of 50776?
True
Is 70 a factor of 6099361?
False
Is 233640 a multiple of 396?
True
Is 1511 a factor of 6374909?
True
Is 3803898 a multiple of 42?
True
Is 208 a factor of 451568?
True
Is 153 a factor of 141525?
True
Is 40 a factor of 384851?
False
Does 235 divide 2707130?
False
Is 8 a factor of 279287?
False
Is 255424 a multiple of 64?
True
Is 6 a factor of 19263?
False
Is 383593 a multiple of 67?
False
Is 16728 a multiple of 2?
True
Is 1215621 a multiple of 80?
False
Is 120 a factor of 155280?
True
Is 267513 a multiple of 162?
False
Does 3 divide 14643?
True
Is 6661082 a multiple of 401?
False
Is 14340888 a multiple of 6?
True
Is 330174 a multiple of 117?
True
Is 4257104 a multiple of 16?
True
Is 142 a factor of 636018?
True
Is 2182586 a multiple of 49?
False
Is 199320 a multiple of 15?
True
Does 342 divide 3094300?
False
Is 2632393 a multiple of 62?
False
Is 24705 a multiple of 5?
True
Is 82 a factor of 951541?
False
Is 1099764 a multiple of 34?
True
Is 527390 a multiple of 230?
True
Does 359 divide 390233?
True
Is 5 a factor of 35735?
True
Is 439 a factor of 38166811?
False
Is 3 a factor of 590922?
True
Is 324 a factor of 424679?
False
Is 168 a factor of 565320?
True
Is 392 a factor of 4892495?
False
Is 34 a factor of 176596?
True
Is 198 a factor of 31701?
False
Is 2196 a multiple of 4?
True
Is 22 a factor of 323444?
True
Is 31714 a multiple of 2?
True
Is 14 a factor of 548632?
True
Is 122 a factor of 153110?
True
Is 137443 a multiple of 43?
False
Does 34 divide 871263?
False
Does 21 divide 6497589?
True
Is 218 a factor of 20306700?
True
Does 20 divide 103396?
False
Does 533 divide 1450293?
True
Does 683 divide 17051671?
False
Is 1156441 a multiple of 231?
False
Is 3128580 a multiple of 41?
False
Is 15 a factor of 368500?
False
Is 205 a factor of 1830009?
False
Is 3216357 a multiple of 37?
False
Is 1587970 a multiple of 85?
True
Is 3 a factor of 13017?
True
Does 62 divide 69192?
True
Is 60249 a multiple of 21?
True
Is 11 a factor of 4727591?
True
Is 83 a factor of 7978?
False
Is 1943903 even?
False
Is 13 a factor of 336552?
False
Is 164 a factor of 194176?
True
Is 28 a factor of 1606319?
False
Is 209 a factor of 16266902?
False
Is 1588 a multiple of 4?
True
Does 12 divide 161697?
False
Does 27 divide 154197?
True
Does 230 divide 192496?
False
Does 71 divide 1173657?
False
Is 4419065 a multiple of 595?
True
Is 401 a factor of 1447610?
True
Is 4225960 a multiple of 27?
False
Does 25 divide 642650?
True
Is 40230 a multiple of 5?
True
Is 572 a multiple of 2?
True
Does 6 divide 281109?
False
Does 232 divide 38976?
True
Does 16 divide 64666?
False
Is 195396 a multiple of 57?
True
Is 160923 a multiple of 291?
True
Is 18 a factor of 229121?
False
Does 511 divide 63364?
True
Does 86 divide 447694?
False
Does 570 divide 1201313?
False
Is 17 a factor of 686814?
False
Does 11 divide 5116243?
True
Is 1518 a factor of 438500?
False
Does 111 divide 1793760?
True
Is 15 a factor of 9158430?
True
Does 11 divide 1046232?
True
Is 39 a factor of 645155?
False
Does 8 divide 4080800?
True
Does 10 divide 1030860?
True
Is 11572 a multiple of 124?
False
Is